{"id":5958,"date":"2016-12-09T13:20:17","date_gmt":"2016-12-09T11:20:17","guid":{"rendered":"http:\/\/www.t-seyithanoglu.com\/?page_id=5958"},"modified":"2016-12-10T13:07:36","modified_gmt":"2016-12-10T11:07:36","slug":"h-neslihan-seyithanoglu","status":"publish","type":"page","link":"http:\/\/www.t-seyithanoglu.com\/?page_id=5958","title":{"rendered":"Av. H. Neslihan SEY\u0130THANO\u011eLU"},"content":{"rendered":"<p style=\"text-align:  justify;\"><img loading=\"lazy\" class=\"size-medium wp-image-5899 alignleft\" src=\"http:\/\/www.t-seyithanoglu.com\/wp-content\/uploads\/2016\/12\/2-2-300x240.jpg\" alt=\"\" width=\"300\" height=\"240\" srcset=\"http:\/\/www.t-seyithanoglu.com\/wp-content\/uploads\/2016\/12\/2-2-300x240.jpg 300w, http:\/\/www.t-seyithanoglu.com\/wp-content\/uploads\/2016\/12\/2-2.jpg 470w\" sizes=\"(max-width: 300px) 100vw, 300px\" \/>1976 y\u0131l\u0131nda Ankara\u2019da do\u011fdu. 1994\u2019te Ankara Gazi Anadolu Lisesi\u2019nden, 1998\u2019de Ankara \u00dcniversitesi Hukuk Fak\u00fcltesi\u2019nden mezun oldu. 2001 y\u0131l\u0131ndan beri Ankara Barosu\u2019na kay\u0131tl\u0131 avukat olarak \u00e7al\u0131\u015fmaktad\u0131r. 7 y\u0131l savunma sanayi, havac\u0131l\u0131k ve uzay sekt\u00f6rlerinde faaliyet g\u00f6steren TUSA\u015e \u2013 T\u00fcrk Havac\u0131l\u0131k ve Uzay Sanayii A.\u015e\u2019de K\u0131demli Hukuk M\u00fc\u015faviri olarak \u00e7al\u0131\u015ft\u0131. TOBB Ekonomi ve Teknoloji \u00dcniversitesi mini MBA program\u0131n\u0131 bitirdi. Marka ve Patent Vekili, Avrupa Patent Vekili, Arabulucu unvanlar\u0131n\u0131 haizdir. \u00c7ok iyi derecede \u0130ngilizce ve orta derecede Almanca bilmektedir. 2 \u00e7ocuk annesidir.<\/p>\n<p style=\"text-align:  justify;\"><strong>Uzmanla\u015ft\u0131\u011f\u0131 Konular:<\/strong><\/p>\n<p style=\"text-align:  justify;\">\u2022 Yerli ve yabanc\u0131 m\u00fcvekkillere ba\u015fta fikri ve s\u0131nai haklar (marka, patent ve end\u00fcstriyel tasar\u0131mlar a\u011f\u0131rl\u0131kl\u0131 olmak \u00fczere) ve ticaret hukuku (ticaret unvan\u0131, i\u015fletme ad\u0131 ve haks\u0131z rekabet konular\u0131 a\u011f\u0131rl\u0131kl\u0131 olmak \u00fczere) ile ilgili alanlarda hukuki dan\u0131\u015fmanl\u0131k ve m\u00fctalaa vermek, bahsi ge\u00e7en konularda dava a\u00e7mak ve bu davalar\u0131, \u00fcst derece mahkemesi dahil, adli makamlar nezdinde takip etmek,<\/p>\n<p style=\"text-align:  justify;\">\u2022 Yerli ve yabanc\u0131 m\u00fcvekkillerin fikri ve s\u0131nai haklar\u0131n\u0131 T\u00fcrk Patent Enstit\u00fcs\u00fc nezdinde tescil ettirmek, bu haklar\u0131n korunmas\u0131n\u0131 takip etmek, bunun i\u00e7in \u00fc\u00e7\u00fcnc\u00fc ki\u015filer taraf\u0131ndan yap\u0131lan ba\u015fvuru ilanlar\u0131na gerekli hallerde itiraz etmek, TPE\u2019nin kararlar\u0131na Yeniden \u0130nceleme ve De\u011ferlendirme Kurulu nezdinde itiraz etmek, m\u00fcvekkillerin fikri ve s\u0131nai haklar\u0131n\u0131n korunmas\u0131 ve takibiyle ilgili olarak devir dahil olmak \u00fczere her t\u00fcrl\u00fc hukuki i\u015flemi y\u00fcr\u00fctmek,<\/p>\n<p style=\"text-align:  justify;\">\u2022 Ana y\u00fcklenicilik s\u00f6zle\u015fmeleri, alt s\u00f6zle\u015fmeler, tedarik s\u00f6zle\u015fmeleri, mutabakat metinleri, niyet mektuplar\u0131, i\u015fbirli\u011fi\/ortakl\u0131k s\u00f6zle\u015fmeleri, dan\u0131\u015fmanl\u0131k s\u00f6zle\u015fmeleri, temsilcilik s\u00f6zle\u015fmeleri, lisans s\u00f6zle\u015fmeleri, \u015firket ortakl\u0131k s\u00f6zle\u015fmeleri, \u015firket esas s\u00f6zle\u015fmeleri, \u015firket hisse devri s\u00f6zle\u015fmeleri ve s\u0131r saklama s\u00f6zle\u015fmeleri dahil olmak \u00fczere her t\u00fcrl\u00fc s\u00f6zle\u015fmeyi haz\u0131rlamak, s\u00f6zle\u015fme taslaklar\u0131na yorum vermek, s\u00f6zle\u015fmeleri m\u00fczakere etmek, s\u00f6zle\u015fmelerin imzalanmas\u0131ndan sonraki y\u00fcr\u00fctme a\u015famas\u0131nda ortaya \u00e7\u0131kabilecek sorun ve \u00e7at\u0131\u015fmalarda hukuki de\u011ferlendirmede bulunmak ve gerekli durumlarda kar\u015f\u0131 tarafla yaz\u0131l\u0131 ve\/veya s\u00f6zl\u00fc temasta bulunmak,<\/p>\n<p style=\"text-align:  justify;\">\u2022 \u0130haleye kat\u0131lacak m\u00fcvekkillere, ba\u015fta devlet ihaleleri olmak \u00fczere, her t\u00fcrl\u00fc ihale \u00f6ncesi teklif haz\u0131rl\u0131\u011f\u0131 a\u015famas\u0131nda hukuki destek vermek ve ihaleyi yapacak m\u00fcvekkillere ihaleye verilen tekliflerin de\u011ferlendirilmesi a\u015famas\u0131nda hukuki destek vermek,<\/p>\n<p style=\"text-align:  justify;\">\u2022 \u00d6zel hukuk uyu\u015fmazl\u0131klar\u0131nda arabuluculuk yapmak.<\/p>\n","protected":false},"excerpt":{"rendered":"<p>1976 y\u0131l\u0131nda Ankara\u2019da do\u011fdu. 1994\u2019te Ankara Gazi Anadolu Lisesi\u2019nden, 1998\u2019de Ankara \u00dcniversitesi Hukuk Fak\u00fcltesi\u2019nden mezun oldu. 2001 y\u0131l\u0131ndan beri Ankara Barosu\u2019na kay\u0131tl\u0131 avukat olarak \u00e7al\u0131\u015fmaktad\u0131r. 7 y\u0131l savunma sanayi, havac\u0131l\u0131k ve uzay sekt\u00f6rlerinde faaliyet g\u00f6steren TUSA\u015e \u2013 T\u00fcrk Havac\u0131l\u0131k ve Uzay Sanayii A.\u015e\u2019de K\u0131demli Hukuk M\u00fc\u015faviri olarak \u00e7al\u0131\u015ft\u0131. TOBB Ekonomi ve Teknoloji \u00dcniversitesi mini MBA&#8230;<\/p>\n","protected":false},"author":1,"featured_media":0,"parent":0,"menu_order":0,"comment_status":"closed","ping_status":"closed","template":"","meta":[],"_links":{"self":[{"href":"http:\/\/www.t-seyithanoglu.com\/index.php?rest_route=\/wp\/v2\/pages\/5958"}],"collection":[{"href":"http:\/\/www.t-seyithanoglu.com\/index.php?rest_route=\/wp\/v2\/pages"}],"about":[{"href":"http:\/\/www.t-seyithanoglu.com\/index.php?rest_route=\/wp\/v2\/types\/page"}],"author":[{"embeddable":true,"href":"http:\/\/www.t-seyithanoglu.com\/index.php?rest_route=\/wp\/v2\/users\/1"}],"replies":[{"embeddable":true,"href":"http:\/\/www.t-seyithanoglu.com\/index.php?rest_route=%2Fwp%2Fv2%2Fcomments&post=5958"}],"version-history":[{"count":6,"href":"http:\/\/www.t-seyithanoglu.com\/index.php?rest_route=\/wp\/v2\/pages\/5958\/revisions"}],"predecessor-version":[{"id":6035,"href":"http:\/\/www.t-seyithanoglu.com\/index.php?rest_route=\/wp\/v2\/pages\/5958\/revisions\/6035"}],"wp:attachment":[{"href":"http:\/\/www.t-seyithanoglu.com\/index.php?rest_route=%2Fwp%2Fv2%2Fmedia&parent=5958"}],"curies":[{"name":"wp","href":"https:\/\/api.w.org\/{rel}","templated":true}]}}